[INFO] cloning repository https://github.com/wwkeyboard/environ-monitor
[INFO] running `Command { std: "git" "-c" "credential.helper=" "-c" "credential.helper=/workspace/cargo-home/bin/git-credential-null" "clone" "--bare" "https://github.com/wwkeyboard/environ-monitor" "/workspace/cache/git-repos/https%3A%2F%2Fgithub.com%2Fwwkeyboard%2Fenviron-monitor", kill_on_drop: false }`
[INFO] [stderr] Cloning into bare repository '/workspace/cache/git-repos/https%3A%2F%2Fgithub.com%2Fwwkeyboard%2Fenviron-monitor'...
[INFO] running `Command { std: "git" "rev-parse" "HEAD", kill_on_drop: false }`
[INFO] [stdout] 524324944d0fb4bf22beb69e6ecb7949ec54b886
[INFO] checking wwkeyboard/environ-monitor against try#72f88fc4e9458f89516a0b8b0868f3718aec5b47 for pr-74989
[INFO] running `Command { std: "git" "clone" "/workspace/cache/git-repos/https%3A%2F%2Fgithub.com%2Fwwkeyboard%2Fenviron-monitor" "/workspace/builds/worker-3/source", kill_on_drop: false }`
[INFO] [stderr] Cloning into '/workspace/builds/worker-3/source'...
[INFO] [stderr] done.
[INFO] validating manifest of git repo https://github.com/wwkeyboard/environ-monitor on toolchain 72f88fc4e9458f89516a0b8b0868f3718aec5b47
[INFO] running `Command { std: "/workspace/cargo-home/bin/cargo" "+72f88fc4e9458f89516a0b8b0868f3718aec5b47" "read-manifest" "--manifest-path" "Cargo.toml", kill_on_drop: false }`
[INFO] started tweaking git repo https://github.com/wwkeyboard/environ-monitor
[INFO] finished tweaking git repo https://github.com/wwkeyboard/environ-monitor
[INFO] tweaked toml for git repo https://github.com/wwkeyboard/environ-monitor written to /workspace/builds/worker-3/source/Cargo.toml
[INFO] crate git repo https://github.com/wwkeyboard/environ-monitor already has a lockfile, it will not be regenerated
[INFO] running `Command { std: "/workspace/cargo-home/bin/cargo" "+72f88fc4e9458f89516a0b8b0868f3718aec5b47" "fetch" "--locked" "--manifest-path" "Cargo.toml", kill_on_drop: false }`
[INFO] [stderr]  Downloading crates ...
[INFO] [stderr]   Downloaded embedded-hal v0.2.3
[INFO] [stderr]   Downloaded i2cdev v0.4.4
[INFO] [stderr]   Downloaded bme280 v0.2.1
[INFO] [stderr]   Downloaded spidev v0.3.0
[INFO] [stderr]   Downloaded sysfs_gpio v0.5.4
[INFO] [stderr]   Downloaded linux-embedded-hal v0.2.2
[INFO] running `Command { std: "docker" "create" "-v" "/var/lib/crater-agent-workspace/builds/worker-3/target:/opt/rustwide/target:rw,Z" "-v" "/var/lib/crater-agent-workspace/builds/worker-3/source:/opt/rustwide/workdir:ro,Z" "-v" "/var/lib/crater-agent-workspace/cargo-home:/opt/rustwide/cargo-home:ro,Z" "-v" "/var/lib/crater-agent-workspace/rustup-home:/opt/rustwide/rustup-home:ro,Z" "-e" "SOURCE_DIR=/opt/rustwide/workdir" "-e" "CARGO_TARGET_DIR=/opt/rustwide/target" "-e" "CARGO_HOME=/opt/rustwide/cargo-home" "-e" "RUSTUP_HOME=/opt/rustwide/rustup-home" "-w" "/opt/rustwide/workdir" "-m" "1610612736" "--user" "0:0" "--network" "none" "rustops/crates-build-env@sha256:d92eaeed33fa75130ca1ee6c8a01d1ffb62bac859dfdfb3450e3e5d1c0146529" "/opt/rustwide/cargo-home/bin/cargo" "+72f88fc4e9458f89516a0b8b0868f3718aec5b47" "metadata" "--no-deps" "--format-version=1", kill_on_drop: false }`
[INFO] [stdout] 2c46fe16614e81bdcba838f28ca0fc9adfe1637de1713542aee895e3bc3bcc9e
[INFO] [stderr] WARNING: Your kernel does not support swap limit capabilities or the cgroup is not mounted. Memory limited without swap.
[INFO] running `Command { std: "docker" "start" "-a" "2c46fe16614e81bdcba838f28ca0fc9adfe1637de1713542aee895e3bc3bcc9e", kill_on_drop: false }`
[INFO] running `Command { std: "docker" "inspect" "2c46fe16614e81bdcba838f28ca0fc9adfe1637de1713542aee895e3bc3bcc9e", kill_on_drop: false }`
[INFO] running `Command { std: "docker" "rm" "-f" "2c46fe16614e81bdcba838f28ca0fc9adfe1637de1713542aee895e3bc3bcc9e", kill_on_drop: false }`
[INFO] [stdout] 2c46fe16614e81bdcba838f28ca0fc9adfe1637de1713542aee895e3bc3bcc9e
[INFO] running `Command { std: "docker" "create" "-v" "/var/lib/crater-agent-workspace/builds/worker-3/target:/opt/rustwide/target:rw,Z" "-v" "/var/lib/crater-agent-workspace/builds/worker-3/source:/opt/rustwide/workdir:ro,Z" "-v" "/var/lib/crater-agent-workspace/cargo-home:/opt/rustwide/cargo-home:ro,Z" "-v" "/var/lib/crater-agent-workspace/rustup-home:/opt/rustwide/rustup-home:ro,Z" "-e" "SOURCE_DIR=/opt/rustwide/workdir" "-e" "CARGO_TARGET_DIR=/opt/rustwide/target" "-e" "CARGO_INCREMENTAL=0" "-e" "RUST_BACKTRACE=full" "-e" "RUSTFLAGS=--cap-lints=forbid" "-e" "CARGO_HOME=/opt/rustwide/cargo-home" "-e" "RUSTUP_HOME=/opt/rustwide/rustup-home" "-w" "/opt/rustwide/workdir" "-m" "1610612736" "--user" "0:0" "--network" "none" "rustops/crates-build-env@sha256:d92eaeed33fa75130ca1ee6c8a01d1ffb62bac859dfdfb3450e3e5d1c0146529" "/opt/rustwide/cargo-home/bin/cargo" "+72f88fc4e9458f89516a0b8b0868f3718aec5b47" "check" "--frozen" "--all" "--all-targets" "--message-format=json", kill_on_drop: false }`
[INFO] [stdout] e6fe0fb3de0e670ef1b5b024d208ecafff12a20b9f97363299fe78253c26ce3c
[INFO] [stderr] WARNING: Your kernel does not support swap limit capabilities or the cgroup is not mounted. Memory limited without swap.
[INFO] running `Command { std: "docker" "start" "-a" "e6fe0fb3de0e670ef1b5b024d208ecafff12a20b9f97363299fe78253c26ce3c", kill_on_drop: false }`
[INFO] [stderr]    Compiling libc v0.2.70
[INFO] [stderr]    Compiling unicode-xid v0.2.0
[INFO] [stderr]     Checking bytes v0.5.4
[INFO] [stderr]    Compiling proc-macro-nested v0.1.4
[INFO] [stderr]     Checking smallvec v1.4.0
[INFO] [stderr]    Compiling proc-macro-hack v0.5.15
[INFO] [stderr]     Checking futures-io v0.3.5
[INFO] [stderr]     Checking copyless v0.1.4
[INFO] [stderr]     Checking itoa v0.4.5
[INFO] [stderr]     Checking either v1.5.3
[INFO] [stderr]     Checking void v1.0.2
[INFO] [stderr]    Compiling cc v1.0.54
[INFO] [stderr]     Checking match_cfg v0.1.0
[INFO] [stderr]    Compiling semver v0.1.20
[INFO] [stderr]     Checking linked-hash-map v0.5.3
[INFO] [stderr]     Checking quick-error v1.2.3
[INFO] [stderr]    Compiling nix v0.14.1
[INFO] [stderr]     Checking adler32 v1.0.4
[INFO] [stderr]     Checking dtoa v0.4.5
[INFO] [stderr]     Checking bitflags v0.4.0
[INFO] [stderr]     Checking sha1 v0.6.0
[INFO] [stderr]     Checking language-tags v0.2.2
[INFO] [stderr]     Checking base64 v0.11.0
[INFO] [stderr]     Checking lock_api v0.3.4
[INFO] [stderr]     Checking futures-channel v0.3.5
[INFO] [stderr]    Compiling num-traits v0.2.11
[INFO] [stderr]    Compiling indexmap v1.3.2
[INFO] [stderr]    Compiling num-integer v0.1.42
[INFO] [stderr]     Checking unicode-normalization v0.1.12
[INFO] [stderr]     Checking embedded-hal v0.2.3
[INFO] [stderr]     Checking lru-cache v0.1.2
[INFO] [stderr]     Checking miniz_oxide v0.3.6
[INFO] [stderr]    Compiling proc-macro2 v1.0.17
[INFO] [stderr]     Checking aho-corasick v0.7.10
[INFO] [stderr]    Compiling rustc_version v0.1.7
[INFO] [stderr]     Checking fxhash v0.2.1
[INFO] [stderr]    Compiling cast v0.2.3
[INFO] [stderr]     Checking http v0.2.1
[INFO] [stderr]     Checking bytestring v0.1.5
[INFO] [stderr]     Checking bme280 v0.2.1
[INFO] [stderr]    Compiling nix v0.6.0
[INFO] [stderr]    Compiling quote v1.0.6
[INFO] [stderr]    Compiling brotli-sys v0.3.2
[INFO] [stderr]    Compiling syn v1.0.23
[INFO] [stderr]     Checking iovec v0.1.4
[INFO] [stderr]     Checking net2 v0.2.34
[INFO] [stderr]     Checking signal-hook-registry v1.2.0
[INFO] [stderr]     Checking parking_lot_core v0.7.2
[INFO] [stderr]     Checking num_cpus v1.13.0
[INFO] [stderr]     Checking getrandom v0.1.14
[INFO] [stderr]     Checking socket2 v0.3.12
[INFO] [stderr]     Checking backtrace v0.3.48
[INFO] [stderr]     Checking hostname v0.3.1
[INFO] [stderr]     Checking time v0.1.43
[INFO] [stderr]     Checking flate2 v1.0.14
[INFO] [stderr]     Checking idna v0.2.0
[INFO] [stderr]     Checking resolv-conf v0.6.3
[INFO] [stderr]     Checking threadpool v1.8.1
[INFO] [stderr]     Checking rand_core v0.5.1
[INFO] [stderr]     Checking mio v0.6.22
[INFO] [stderr]     Checking parking_lot v0.10.2
[INFO] [stderr]     Checking regex v1.3.7
[INFO] [stderr]     Checking rand_chacha v0.2.2
[INFO] [stderr]     Checking chrono v0.4.11
[INFO] [stderr]     Checking url v2.1.1
[INFO] [stderr]     Checking rand v0.7.3
[INFO] [stderr]     Checking mio-uds v0.6.8
[INFO] [stderr]     Checking tokio v0.2.21
[INFO] [stderr]     Checking spidev v0.3.0
[INFO] [stderr]     Checking brotli2 v0.3.2
[INFO] [stderr]     Checking i2cdev v0.4.4
[INFO] [stderr]     Checking sysfs_gpio v0.5.4
[INFO] [stderr]     Checking tokio-util v0.2.0
[INFO] [stderr]     Checking tokio-util v0.3.1
[INFO] [stderr]     Checking linux-embedded-hal v0.2.2
[INFO] [stderr]     Checking actix-codec v0.2.0
[INFO] [stderr]    Compiling synstructure v0.12.3
[INFO] [stderr]    Compiling pin-project-internal v0.4.17
[INFO] [stderr]    Compiling futures-macro v0.3.5
[INFO] [stderr]    Compiling derive_more v0.99.7
[INFO] [stderr]    Compiling actix-macros v0.1.2
[INFO] [stderr]    Compiling failure_derive v0.1.8
[INFO] [stderr]    Compiling serde_derive v1.0.110
[INFO] [stderr]    Compiling enum-as-inner v0.3.2
[INFO] [stderr]    Compiling async-trait v0.1.31
[INFO] [stderr]    Compiling actix-web-codegen v0.2.2
[INFO] [stderr]     Checking failure v0.1.8
[INFO] [stderr]     Checking pin-project v0.4.17
[INFO] [stderr]     Checking futures-util v0.3.5
[INFO] [stderr]     Checking actix-threadpool v0.3.2
[INFO] [stderr]     Checking serde v1.0.110
[INFO] [stderr]     Checking futures-executor v0.3.5
[INFO] [stderr]     Checking actix-service v1.0.5
[INFO] [stderr]     Checking actix-rt v1.1.1
[INFO] [stderr]     Checking h2 v0.2.5
[INFO] [stderr]     Checking futures v0.3.5
[INFO] [stderr]     Checking trust-dns-proto v0.18.0-alpha.2
[INFO] [stderr]     Checking actix-utils v1.0.6
[INFO] [stderr]     Checking actix-server v1.0.3
[INFO] [stderr]     Checking actix-tls v1.0.0
[INFO] [stderr]     Checking actix-testing v1.0.1
[INFO] [stderr]     Checking serde_json v1.0.53
[INFO] [stderr]     Checking serde_urlencoded v0.6.1
[INFO] [stderr]     Checking actix-router v0.2.4
[INFO] [stderr]     Checking trust-dns-resolver v0.18.0-alpha.2
[INFO] [stderr]     Checking actix-connect v1.0.2
[INFO] [stderr]     Checking actix-http v1.0.1
[INFO] [stderr]     Checking awc v1.0.1
[INFO] [stderr]     Checking actix-web v2.0.0
[INFO] [stderr]     Checking environ-monitor v0.1.0 (/opt/rustwide/workdir)
[INFO] [stdout] error[E0423]: expected value, found crate `bme280`
[INFO] [stdout]   --> src/main.rs:22:13
[INFO] [stdout]    |
[INFO] [stdout] 22 |     let m = bme280.measure().unwrap();
[INFO] [stdout]    |             ^^^^^^--------
[INFO] [stdout]    |             |
[INFO] [stdout]    |             help: use the path separator to refer to an item: `bme280::measure`
[INFO] [stdout] 
[INFO] [stdout] 
[INFO] [stdout] warning: unused import: `web`
[INFO] [stdout]  --> src/main.rs:1:22
[INFO] [stdout]   |
[INFO] [stdout] 1 | use actix_web::{get, web, App, HttpServer, Responder};
[INFO] [stdout]   |                      ^^^
[INFO] [stdout]   |
[INFO] [stdout]   = note: `#[warn(unused_imports)]` on by default
[INFO] [stdout] 
[INFO] [stdout] 
[INFO] [stdout] warning: unused import: `std::sync::Mutex`
[INFO] [stdout]  --> src/main.rs:4:5
[INFO] [stdout]   |
[INFO] [stdout] 4 | use std::sync::Mutex;
[INFO] [stdout]   |     ^^^^^^^^^^^^^^^^
[INFO] [stdout] 
[INFO] [stdout] 
[INFO] [stdout] error[E0107]: wrong number of type arguments: expected 2, found 0
[INFO] [stdout]  --> src/main.rs:7:13
[INFO] [stdout]   |
[INFO] [stdout] 7 |     sensor: BME280,
[INFO] [stdout]   |             ^^^^^^ expected 2 type arguments
[INFO] [stdout] 
[INFO] [stdout] 
[INFO] [stdout] error: aborting due to 2 previous errors; 2 warnings emitted
[INFO] [stdout] 
[INFO] [stdout] 
[INFO] [stdout] Some errors have detailed explanations: E0107, E0423.
[INFO] [stdout] 
[INFO] [stdout] For more information about an error, try `rustc --explain E0107`.
[INFO] [stdout] 
[INFO] [stderr] error: could not compile `environ-monitor`.
[INFO] [stderr] 
[INFO] [stderr] To learn more, run the command again with --verbose.
[INFO] [stderr] warning: build failed, waiting for other jobs to finish...
[INFO] [stdout] error[E0423]: expected value, found crate `bme280`
[INFO] [stdout]   --> src/main.rs:22:13
[INFO] [stdout]    |
[INFO] [stdout] 22 |     let m = bme280.measure().unwrap();
[INFO] [stdout]    |             ^^^^^^--------
[INFO] [stdout]    |             |
[INFO] [stdout]    |             help: use the path separator to refer to an item: `bme280::measure`
[INFO] [stdout] 
[INFO] [stdout] 
[INFO] [stdout] warning: unused import: `web`
[INFO] [stdout]  --> src/main.rs:1:22
[INFO] [stdout]   |
[INFO] [stdout] 1 | use actix_web::{get, web, App, HttpServer, Responder};
[INFO] [stdout]   |                      ^^^
[INFO] [stdout]   |
[INFO] [stdout]   = note: `#[warn(unused_imports)]` on by default
[INFO] [stdout] 
[INFO] [stdout] 
[INFO] [stdout] warning: unused import: `std::sync::Mutex`
[INFO] [stdout]  --> src/main.rs:4:5
[INFO] [stdout]   |
[INFO] [stdout] 4 | use std::sync::Mutex;
[INFO] [stdout]   |     ^^^^^^^^^^^^^^^^
[INFO] [stdout] 
[INFO] [stdout] 
[INFO] [stdout] error[E0107]: wrong number of type arguments: expected 2, found 0
[INFO] [stdout]  --> src/main.rs:7:13
[INFO] [stdout]   |
[INFO] [stdout] 7 |     sensor: BME280,
[INFO] [stdout]   |             ^^^^^^ expected 2 type arguments
[INFO] [stdout] 
[INFO] [stdout] 
[INFO] [stdout] error: aborting due to 2 previous errors; 2 warnings emitted
[INFO] [stdout] 
[INFO] [stdout] 
[INFO] [stdout] Some errors have detailed explanations: E0107, E0423.
[INFO] [stdout] 
[INFO] [stdout] For more information about an error, try `rustc --explain E0107`.
[INFO] [stdout] 
[INFO] [stderr] error: build failed
[INFO] running `Command { std: "docker" "inspect" "e6fe0fb3de0e670ef1b5b024d208ecafff12a20b9f97363299fe78253c26ce3c", kill_on_drop: false }`
[INFO] running `Command { std: "docker" "rm" "-f" "e6fe0fb3de0e670ef1b5b024d208ecafff12a20b9f97363299fe78253c26ce3c", kill_on_drop: false }`
[INFO] [stdout] e6fe0fb3de0e670ef1b5b024d208ecafff12a20b9f97363299fe78253c26ce3c
